{"id":15834,"date":"2020-03-08T01:53:36","date_gmt":"2020-03-08T00:53:36","guid":{"rendered":"https:\/\/heimwerker23.de\/?product=semperit-gasschlauch-argon-schlauch-argonschlauch-meterware"},"modified":"2023-04-10T17:08:52","modified_gmt":"2023-04-10T15:08:52","slug":"semperit-gasschlauch-argon-schlauch-argonschlauch-meterware","status":"publish","type":"product","link":"https:\/\/heimwerker23.de\/?product=semperit-gasschlauch-argon-schlauch-argonschlauch-meterware","title":{"rendered":"SEMPERIT Gasschlauch Argon Schlauch Argonschlauch Meterware"},"content":{"rendered":"<p><!-- show up to 2 reviews by default --> <\/p>\n<p>Der SEMPERIT Gasschlauch ist speziell f\u00fcr inerte Gase wie Argon, Stickstoff, Kohlendioxide und Pressluft entwickelt worden. Ausgelegt bis 20 bar wird der flexible Schlauch der DIN EN ISO 3821 \/ EN 559 gerecht. Der Schlauch wird auf die gew\u00fcnschte L\u00e4nge zugeschnitten (max. 50 m am St\u00fcck) <\/p>\n<p>Einheit:Meterware<br \/>\nNorm:DIN EN ISO 3821<br \/>\nEN 559<br \/>\nDruck:bis 20 bar<br \/>\nMa\u00dfe:6,3 x 3,5 mm<br \/>\n[amz_corss_sell asin=&#8220;B00N4MLF4G&#8220;]<\/p>\n","protected":false},"excerpt":{"rendered":"<p>Einheit:Meterware<br \/>\nNorm:DIN EN ISO 3821<br \/>\nEN 559<\/p>\n","protected":false},"featured_media":15835,"comment_status":"open","ping_status":"closed","template":"","meta":[],"product_cat":[15],"product_tag":[],"class_list":{"0":"post-15834","1":"product","2":"type-product","3":"status-publish","4":"has-post-thumbnail","6":"product_cat-unkategorisiert","7":"pa_brand-semperit","10":"first","11":"instock","12":"shipping-taxable","13":"product-type-external"},"_links":{"self":[{"href":"https:\/\/heimwerker23.de\/index.php?rest_route=\/wp\/v2\/product\/15834","targetHints":{"allow":["GET"]}}],"collection":[{"href":"https:\/\/heimwerker23.de\/index.php?rest_route=\/wp\/v2\/product"}],"about":[{"href":"https:\/\/heimwerker23.de\/index.php?rest_route=\/wp\/v2\/types\/product"}],"replies":[{"embeddable":true,"href":"https:\/\/heimwerker23.de\/index.php?rest_route=%2Fwp%2Fv2%2Fcomments&post=15834"}],"wp:featuredmedia":[{"embeddable":true,"href":"https:\/\/heimwerker23.de\/index.php?rest_route=\/wp\/v2\/media\/15835"}],"wp:attachment":[{"href":"https:\/\/heimwerker23.de\/index.php?rest_route=%2Fwp%2Fv2%2Fmedia&parent=15834"}],"wp:term":[{"taxonomy":"product_cat","embeddable":true,"href":"https:\/\/heimwerker23.de\/index.php?rest_route=%2Fwp%2Fv2%2Fproduct_cat&post=15834"},{"taxonomy":"product_tag","embeddable":true,"href":"https:\/\/heimwerker23.de\/index.php?rest_route=%2Fwp%2Fv2%2Fproduct_tag&post=15834"}],"curies":[{"name":"wp","href":"https:\/\/api.w.org\/{rel}","templated":true}]}}